{"id":70331,"date":"2025-11-03T10:47:40","date_gmt":"2025-11-03T09:47:40","guid":{"rendered":"https:\/\/www.alfaforni.com\/?post_type=product&#038;p=70331"},"modified":"2025-12-03T14:34:30","modified_gmt":"2025-12-03T13:34:30","slug":"tagliere-in-legno-per-pizza","status":"publish","type":"product","link":"https:\/\/www.alfaforni.com\/it\/prodotto\/tagliere-in-legno-per-pizza\/","title":{"rendered":"Tagliere in legno"},"content":{"rendered":"<div class=\"fusion-fullwidth fullwidth-box fusion-builder-row-1 fusion-flex-container has-pattern-background has-mask-background nonhundred-percent-fullwidth non-hundred-percent-height-scrolling\" style=\"--awb-border-radius-top-left:0px;--awb-border-radius-top-right:0px;--awb-border-radius-bottom-right:0px;--awb-border-radius-bottom-left:0px;--awb-padding-bottom-medium:0px;--awb-padding-top-small:40px;--awb-padding-bottom-small:20px;--awb-margin-top:100px;--awb-margin-bottom:50px;--awb-flex-wrap:wrap;\" ><div class=\"fusion-builder-row fusion-row fusion-flex-align-items-flex-start fusion-flex-content-wrap\" style=\"max-width:1248px;margin-left: calc(-4% \/ 2 );margin-right: calc(-4% \/ 2 );\"><div class=\"fusion-layout-column fusion_builder_column fusion-builder-column-0 fusion_builder_column_1_2 1_2 fusion-flex-column\" style=\"--awb-bg-size:cover;--awb-width-large:50%;--awb-margin-top-large:0px;--awb-spacing-right-large:3.84%;--awb-margin-bottom-large:20px;--awb-spacing-left-large:3.84%;--awb-width-medium:50%;--awb-order-medium:0;--awb-spacing-right-medium:3.84%;--awb-spacing-left-medium:3.84%;--awb-width-small:100%;--awb-order-small:0;--awb-spacing-right-small:1.92%;--awb-spacing-left-small:1.92%;\"><div class=\"fusion-column-wrapper fusion-column-has-shadow fusion-flex-justify-content-flex-start fusion-content-layout-column\"><div class=\"fusion-image-element fusion-no-medium-visibility fusion-no-large-visibility\" style=\"text-align:center;--awb-caption-title-font-family:var(--h2_typography-font-family);--awb-caption-title-font-weight:var(--h2_typography-font-weight);--awb-caption-title-font-style:var(--h2_typography-font-style);--awb-caption-title-size:var(--h2_typography-font-size);--awb-caption-title-transform:var(--h2_typography-text-transform);--awb-caption-title-line-height:var(--h2_typography-line-height);--awb-caption-title-letter-spacing:var(--h2_typography-letter-spacing);\"><span class=\" fusion-imageframe imageframe-none imageframe-1 hover-type-none\"><a href=\"https:\/\/www.alfaforni.com\/wp-content\/uploads\/2025\/11\/tagliererotella.jpg\" class=\"fusion-lightbox\" data-rel=\"iLightbox[da15c6f4cca042a4286]\" data-title=\"tagliere+rotella\" ><img decoding=\"async\" width=\"1200\" height=\"1200\" src=\"https:\/\/www.alfaforni.com\/wp-content\/uploads\/2025\/11\/tagliererotella.jpg\" class=\"img-responsive wp-image-70567\" srcset=\"https:\/\/www.alfaforni.com\/wp-content\/uploads\/2025\/11\/tagliererotella-400x400.jpg 400w, https:\/\/www.alfaforni.com\/wp-content\/uploads\/2025\/11\/tagliererotella-600x600.jpg 600w, https:\/\/www.alfaforni.com\/wp-content\/uploads\/2025\/11\/tagliererotella-800x800.jpg 800w, https:\/\/www.alfaforni.com\/wp-content\/uploads\/2025\/11\/tagliererotella.jpg 1200w\" sizes=\"(max-width: 640px) 100vw, 600px\" alt=\"\" ><\/a><\/span><\/div><div class=\"fusion-text fusion-text-1\"><h2 style=\"text-align: left;\">Il modo migliore per servire la pizza con stile<\/h2>\n<h3 style=\"text-align: left;\"><span style=\"font-weight: 400;\">Il tagliere Alfa \u00e8 progettato per valorizzare ogni pizza fatta in casa, dalla classica margherita alle creazioni pi\u00f9 gourmet.<\/span><\/h3>\n<p><span style=\"font-weight: 400;\">Il diametro da 33 cm \u00e8 perfetto per contenere una pizza intera, pronta da <\/span><b>tagliare e condividere direttamente in tavola<\/b><span style=\"font-weight: 400;\">.<\/span><\/p>\n<p><span style=\"font-weight: 400;\">Il legno massello di faggio, oltre a essere resistente e durevole, \u00e8 <\/span><b>in grado di trattenere leggermente il calore<\/b><span style=\"font-weight: 400;\">, mantenendo la pizza calda pi\u00f9 a lungo rispetto a piatti in ceramica o metallo.<\/span><\/p>\n<p><span style=\"font-weight: 400;\">I <\/span><b>due supporti sottostanti<\/b><span style=\"font-weight: 400;\"> sollevano il tagliere dal piano di appoggio, rendendo <\/span><b>pi\u00f9 facile afferrarlo e trasportarlo<\/b><span style=\"font-weight: 400;\"> anche con una sola mano.<\/span><span style=\"font-weight: 400;\"><br \/>\n<\/span><span style=\"font-weight: 400;\">Una soluzione semplice ma funzionale, che migliora l\u2019ergonomia senza rinunciare all\u2019estetica.<\/span><\/p>\n<p><span style=\"font-weight: 400;\">Robusto ma leggero, pu\u00f2 essere usato anche come piatto da portata, vassoio per salumi e formaggi o come base per presentazioni eleganti.<\/span><\/p>\n<\/div><\/div><\/div><div class=\"fusion-layout-column fusion_builder_column fusion-builder-column-1 fusion_builder_column_1_2 1_2 fusion-flex-column\" style=\"--awb-bg-size:cover;--awb-width-large:50%;--awb-margin-top-large:0px;--awb-spacing-right-large:3.84%;--awb-margin-bottom-large:20px;--awb-spacing-left-large:3.84%;--awb-width-medium:50%;--awb-order-medium:0;--awb-spacing-right-medium:3.84%;--awb-spacing-left-medium:3.84%;--awb-width-small:100%;--awb-order-small:0;--awb-spacing-right-small:1.92%;--awb-spacing-left-small:1.92%;\" data-scroll-devices=\"small-visibility,medium-visibility,large-visibility\"><div class=\"fusion-column-wrapper fusion-column-has-shadow fusion-flex-justify-content-flex-start fusion-content-layout-column\"><div class=\"fusion-image-element fusion-no-small-visibility\" style=\"--awb-caption-title-font-family:var(--h2_typography-font-family);--awb-caption-title-font-weight:var(--h2_typography-font-weight);--awb-caption-title-font-style:var(--h2_typography-font-style);--awb-caption-title-size:var(--h2_typography-font-size);--awb-caption-title-transform:var(--h2_typography-text-transform);--awb-caption-title-line-height:var(--h2_typography-line-height);--awb-caption-title-letter-spacing:var(--h2_typography-letter-spacing);\"><span class=\" fusion-imageframe imageframe-none imageframe-2 hover-type-none\"><a href=\"https:\/\/www.alfaforni.com\/wp-content\/uploads\/2025\/11\/tagliererotella.jpg\" class=\"fusion-lightbox\" data-rel=\"iLightbox[da15c6f4cca042a4286]\" data-title=\"tagliere+rotella\" ><img decoding=\"async\" width=\"1200\" height=\"1200\" src=\"https:\/\/www.alfaforni.com\/wp-content\/uploads\/2025\/11\/tagliererotella.jpg\" class=\"img-responsive wp-image-70567\" srcset=\"https:\/\/www.alfaforni.com\/wp-content\/uploads\/2025\/11\/tagliererotella-400x400.jpg 400w, https:\/\/www.alfaforni.com\/wp-content\/uploads\/2025\/11\/tagliererotella-600x600.jpg 600w, https:\/\/www.alfaforni.com\/wp-content\/uploads\/2025\/11\/tagliererotella-800x800.jpg 800w, https:\/\/www.alfaforni.com\/wp-content\/uploads\/2025\/11\/tagliererotella.jpg 1200w\" sizes=\"(max-width: 640px) 100vw, 600px\" alt=\"\" ><\/a><\/span><\/div><\/div><\/div><\/div><\/div>\n","protected":false},"excerpt":{"rendered":"<h2>Tagliere in legno<\/h2>\n<h3><span style=\"font-weight: 400;\">Il tagliere Alfa in legno massello di faggio Made in Italy \u00e8 la soluzione ideale per portare in tavola la pizza appena sfornata, con un tocco di calore, autenticit\u00e0 e praticit\u00e0.<\/span><\/h3>\n<p><span style=\"font-weight: 400;\">Pensato per completare l\u2019esperienza della pizza fatta in casa, unisce <b>design elegante, robustezza e funzionalit\u00e0<\/b> in un unico accessorio.<\/span><\/p>\n<p><span style=\"font-weight: 400;\">Le sue principali caratteristiche sono:<\/span><\/p>\n<ul class=\"dark_text\">\n<li>Realizzato in legno massello di faggio Made in Italy<\/li>\n<li>Diametro 33 cm<\/li>\n<li>Superficie ampia e resistente al taglio<\/li>\n<li>Facile da pulire e durevole nel tempo<\/li>\n<li>Dotato di due supporti rialzati inferiori per facilitare la presa e sollevarlo dal piano<\/li>\n<li>Elegante e funzionale, perfetto anche come piatto da portata<\/li>\n<\/ul>\n<p>&nbsp;<\/p>\n[fusion_tabs parent_dynamic_content=\"\" design=\"clean\" layout=\"horizontal\" justified=\"yes\" alignment=\"start\" sticky_tabs=\"no\" icon_size=\"\" hide_on_mobile=\"small-visibility,medium-visibility,large-visibility\" margin_medium=\"\" margin_small=\"\" title_tag=\"div\" title_padding_medium=\"\" title_padding_small=\"\" content_padding_medium=\"\" content_padding_small=\"\" title_active_text_color=\"\" title_text_color=\"#000000\" icon_active_color=\"\" icon_color=\"#000000\" fusion_font_variant_title_font=\"600\" fusion_font_family_title_font=\"Open Sans\" title_font_size=\"16px\" inactivecolor=\"#ffffff\" bordercolor=\"var(--awb-color1)\" icon=\"fa-angle-down fas\"][fusion_tab title=\"Contenuto della confezione\"]<\/p>\n<ul>\n<li>1 tagliere in legno massello di faggio \u2013 \u00d8 33cm<\/li>\n<\/ul>\n<p>[\/fusion_tab][fusion_tab title=\"Dimensioni imballo\"]<\/p>\n<ul>\n<li>Dimensione imballo: 38 x 36,5 x 4cm<\/li>\n<\/ul>\n<p>[\/fusion_tab][\/fusion_tabs]\n","protected":false},"featured_media":70560,"template":"","meta":{"_acf_changed":false},"product_brand":[],"product_cat":[185,332],"product_tag":[],"class_list":{"0":"post-70331","1":"product","2":"type-product","3":"status-publish","4":"has-post-thumbnail","6":"product_cat-accessori-per-usare-il-tuo-forno-a-legna-al-meglio","7":"product_cat-accessori-domestici","9":"first","10":"instock","11":"shipping-taxable","12":"product-type-simple"},"acf":[],"_links":{"self":[{"href":"https:\/\/www.alfaforni.com\/it\/wp-json\/wp\/v2\/product\/70331","targetHints":{"allow":["GET"]}}],"collection":[{"href":"https:\/\/www.alfaforni.com\/it\/wp-json\/wp\/v2\/product"}],"about":[{"href":"https:\/\/www.alfaforni.com\/it\/wp-json\/wp\/v2\/types\/product"}],"wp:featuredmedia":[{"embeddable":true,"href":"https:\/\/www.alfaforni.com\/it\/wp-json\/wp\/v2\/media\/70560"}],"wp:attachment":[{"href":"https:\/\/www.alfaforni.com\/it\/wp-json\/wp\/v2\/media?parent=70331"}],"wp:term":[{"taxonomy":"product_brand","embeddable":true,"href":"https:\/\/www.alfaforni.com\/it\/wp-json\/wp\/v2\/product_brand?post=70331"},{"taxonomy":"product_cat","embeddable":true,"href":"https:\/\/www.alfaforni.com\/it\/wp-json\/wp\/v2\/product_cat?post=70331"},{"taxonomy":"product_tag","embeddable":true,"href":"https:\/\/www.alfaforni.com\/it\/wp-json\/wp\/v2\/product_tag?post=70331"}],"curies":[{"name":"wp","href":"https:\/\/api.w.org\/{rel}","templated":true}]}}

<div class="fusion-fullwidth fullwidth-box fusion-builder-row-1 fusion-flex-container has-pattern-background has-mask-background nonhundred-percent-fullwidth non-hundred-percent-height-scrolling" style="--awb-border-radius-top-left:0px;--awb-border-radius-top-right:0px;--awb-border-radius-bottom-right:0px;--awb-border-radius-bottom-left:0px;--awb-padding-bottom-medium:0px;--awb-padding-top-small:40px;--awb-padding-bottom-small:20px;--awb-margin-top:100px;--awb-margin-bottom:50px;--awb-flex-wrap:wrap;" ><div class="fusion-builder-row fusion-row fusion-flex-align-items-flex-start fusion-flex-content-wrap" style="max-width:1248px;margin-left: calc(-4% / 2 );margin-right: calc(-4% / 2 );"><div class="fusion-layout-column fusion_builder_column fusion-builder-column-0 fusion_builder_column_1_2 1_2 fusion-flex-column" style="--awb-bg-size:cover;--awb-width-large:50%;--awb-margin-top-large:0px;--awb-spacing-right-large:3.84%;--awb-margin-bottom-large:20px;--awb-spacing-left-large:3.84%;--awb-width-medium:50%;--awb-order-medium:0;--awb-spacing-right-medium:3.84%;--awb-spacing-left-medium:3.84%;--awb-width-small:100%;--awb-order-small:0;--awb-spacing-right-small:1.92%;--awb-spacing-left-small:1.92%;"><div class="fusion-column-wrapper fusion-column-has-shadow fusion-flex-justify-content-flex-start fusion-content-layout-column"><div class="fusion-image-element fusion-no-medium-visibility fusion-no-large-visibility" style="text-align:center;--awb-caption-title-font-family:var(--h2_typography-font-family);--awb-caption-title-font-weight:var(--h2_typography-font-weight);--awb-caption-title-font-style:var(--h2_typography-font-style);--awb-caption-title-size:var(--h2_typography-font-size);--awb-caption-title-transform:var(--h2_typography-text-transform);--awb-caption-title-line-height:var(--h2_typography-line-height);--awb-caption-title-letter-spacing:var(--h2_typography-letter-spacing);"><span class=" fusion-imageframe imageframe-none imageframe-1 hover-type-none"><a href="https://www.alfaforni.com/wp-content/uploads/2025/11/tagliererotella.jpg" class="fusion-lightbox" data-rel="iLightbox[da15c6f4cca042a4286]" data-title="tagliere+rotella" ><img decoding="async" width="1200" height="1200" src="https://www.alfaforni.com/wp-content/uploads/2025/11/tagliererotella.jpg" class="img-responsive wp-image-70567" srcset="https://www.alfaforni.com/wp-content/uploads/2025/11/tagliererotella-400x400.jpg 400w, https://www.alfaforni.com/wp-content/uploads/2025/11/tagliererotella-600x600.jpg 600w, https://www.alfaforni.com/wp-content/uploads/2025/11/tagliererotella-800x800.jpg 800w, https://www.alfaforni.com/wp-content/uploads/2025/11/tagliererotella.jpg 1200w" sizes="(max-width: 640px) 100vw, 600px" alt="" ></a></span></div><div class="fusion-text fusion-text-1"><h2 style="text-align: left;">Il modo migliore per servire la pizza con stile</h2>
<h3 style="text-align: left;"><span style="font-weight: 400;">Il tagliere Alfa è progettato per valorizzare ogni pizza fatta in casa, dalla classica margherita alle creazioni più gourmet.</span></h3>
<p><span style="font-weight: 400;">Il diametro da 33 cm è perfetto per contenere una pizza intera, pronta da </span><b>tagliare e condividere direttamente in tavola</b><span style="font-weight: 400;">.</span></p>
<p><span style="font-weight: 400;">Il legno massello di faggio, oltre a essere resistente e durevole, è </span><b>in grado di trattenere leggermente il calore</b><span style="font-weight: 400;">, mantenendo la pizza calda più a lungo rispetto a piatti in ceramica o metallo.</span></p>
<p><span style="font-weight: 400;">I </span><b>due supporti sottostanti</b><span style="font-weight: 400;"> sollevano il tagliere dal piano di appoggio, rendendo </span><b>più facile afferrarlo e trasportarlo</b><span style="font-weight: 400;"> anche con una sola mano.</span><span style="font-weight: 400;"><br />
</span><span style="font-weight: 400;">Una soluzione semplice ma funzionale, che migliora l’ergonomia senza rinunciare all’estetica.</span></p>
<p><span style="font-weight: 400;">Robusto ma leggero, può essere usato anche come piatto da portata, vassoio per salumi e formaggi o come base per presentazioni eleganti.</span></p>
</div></div></div><div class="fusion-layout-column fusion_builder_column fusion-builder-column-1 fusion_builder_column_1_2 1_2 fusion-flex-column" style="--awb-bg-size:cover;--awb-width-large:50%;--awb-margin-top-large:0px;--awb-spacing-right-large:3.84%;--awb-margin-bottom-large:20px;--awb-spacing-left-large:3.84%;--awb-width-medium:50%;--awb-order-medium:0;--awb-spacing-right-medium:3.84%;--awb-spacing-left-medium:3.84%;--awb-width-small:100%;--awb-order-small:0;--awb-spacing-right-small:1.92%;--awb-spacing-left-small:1.92%;" data-scroll-devices="small-visibility,medium-visibility,large-visibility"><div class="fusion-column-wrapper fusion-column-has-shadow fusion-flex-justify-content-flex-start fusion-content-layout-column"><div class="fusion-image-element fusion-no-small-visibility" style="--awb-caption-title-font-family:var(--h2_typography-font-family);--awb-caption-title-font-weight:var(--h2_typography-font-weight);--awb-caption-title-font-style:var(--h2_typography-font-style);--awb-caption-title-size:var(--h2_typography-font-size);--awb-caption-title-transform:var(--h2_typography-text-transform);--awb-caption-title-line-height:var(--h2_typography-line-height);--awb-caption-title-letter-spacing:var(--h2_typography-letter-spacing);"><span class=" fusion-imageframe imageframe-none imageframe-2 hover-type-none"><a href="https://www.alfaforni.com/wp-content/uploads/2025/11/tagliererotella.jpg" class="fusion-lightbox" data-rel="iLightbox[da15c6f4cca042a4286]" data-title="tagliere+rotella" ><img decoding="async" width="1200" height="1200" src="https://www.alfaforni.com/wp-content/uploads/2025/11/tagliererotella.jpg" class="img-responsive wp-image-70567" srcset="https://www.alfaforni.com/wp-content/uploads/2025/11/tagliererotella-400x400.jpg 400w, https://www.alfaforni.com/wp-content/uploads/2025/11/tagliererotella-600x600.jpg 600w, https://www.alfaforni.com/wp-content/uploads/2025/11/tagliererotella-800x800.jpg 800w, https://www.alfaforni.com/wp-content/uploads/2025/11/tagliererotella.jpg 1200w" sizes="(max-width: 640px) 100vw, 600px" alt="" ></a></span></div></div></div></div></div>

<h2>Tagliere in legno</h2>
<h3><span style="font-weight: 400;">Il tagliere Alfa in legno massello di faggio Made in Italy è la soluzione ideale per portare in tavola la pizza appena sfornata, con un tocco di calore, autenticità e praticità.</span></h3>
<p><span style="font-weight: 400;">Pensato per completare l’esperienza della pizza fatta in casa, unisce <b>design elegante, robustezza e funzionalità</b> in un unico accessorio.</span></p>
<p><span style="font-weight: 400;">Le sue principali caratteristiche sono:</span></p>
<ul class="dark_text">
<li>Realizzato in legno massello di faggio Made in Italy</li>
<li>Diametro 33 cm</li>
<li>Superficie ampia e resistente al taglio</li>
<li>Facile da pulire e durevole nel tempo</li>
<li>Dotato di due supporti rialzati inferiori per facilitare la presa e sollevarlo dal piano</li>
<li>Elegante e funzionale, perfetto anche come piatto da portata</li>
</ul>
<p>&nbsp;</p>
[fusion_tabs parent_dynamic_content="" design="clean" layout="horizontal" justified="yes" alignment="start" sticky_tabs="no" icon_size="" hide_on_mobile="small-visibility,medium-visibility,large-visibility" margin_medium="" margin_small="" title_tag="div" title_padding_medium="" title_padding_small="" content_padding_medium="" content_padding_small="" title_active_text_color="" title_text_color="#000000" icon_active_color="" icon_color="#000000" fusion_font_variant_title_font="600" fusion_font_family_title_font="Open Sans" title_font_size="16px" inactivecolor="#ffffff" bordercolor="var(--awb-color1)" icon="fa-angle-down fas"][fusion_tab title="Contenuto della confezione"]</p>
<ul>
<li>1 tagliere in legno massello di faggio – Ø 33cm</li>
</ul>
<p>[/fusion_tab][fusion_tab title="Dimensioni imballo"]</p>
<ul>
<li>Dimensione imballo: 38 x 36,5 x 4cm</li>
</ul>
<p>[/fusion_tab][/fusion_tabs]
